{"id":126,"date":"2013-07-07T14:45:51","date_gmt":"2013-07-07T12:45:51","guid":{"rendered":"http:\/\/www.sanong.de\/wordpress\/?page_id=126"},"modified":"2013-04-07T15:51:32","modified_gmt":"2013-04-07T13:51:32","slug":"zertifizierte-qualitat","status":"publish","type":"page","link":"https:\/\/www.sanong.de\/wordpress\/?page_id=126","title":{"rendered":"Zertifizierte Qualit\u00e4t"},"content":{"rendered":"<p>Unsere Mitarbeiter sind im ber\u00fchmten Kloster Wat Po in Bangkok in traditioneller thail\u00e4ndischer Massge ausgebildet und entsprechend zertifiziert. So k\u00f6nnen Sie sicher sein, eine original thail\u00e4ndische Massge zu erhalten. Erleben Sie den Unterschied.<\/p>\n<p><a href=\"https:\/\/www.sanong.de\/wordpress\/wp-content\/uploads\/2013\/04\/P10108381.jpg\"><img loading=\"lazy\" decoding=\"async\" class=\"size-medium wp-image-127 aligncenter\" alt=\"P1010838\" src=\"https:\/\/www.sanong.de\/wordpress\/wp-content\/uploads\/2013\/04\/P10108381-300x224.jpg\" width=\"300\" height=\"224\" srcset=\"https:\/\/www.sanong.de\/wordpress\/wp-content\/uploads\/2013\/04\/P10108381-300x224.jpg 300w, https:\/\/www.sanong.de\/wordpress\/wp-content\/uploads\/2013\/04\/P10108381-320x239.jpg 320w, https:\/\/www.sanong.de\/wordpress\/wp-content\/uploads\/2013\/04\/P10108381-145x108.jpg 145w, https:\/\/www.sanong.de\/wordpress\/wp-content\/uploads\/2013\/04\/P10108381.jpg 374w\" sizes=\"auto, (max-width: 300px) 100vw, 300px\" \/><\/a><\/p>\n<p><!--more--><\/p>\n<p>Hier sehen Sie einige meiner Qualifikationen:<\/p>\n<p><a href=\"https:\/\/www.sanong.de\/wordpress\/wp-content\/uploads\/2013\/04\/u2web.jpg\"><img loading=\"lazy\" decoding=\"async\" class=\"alignnone size-medium wp-image-128\" alt=\"u2web\" src=\"https:\/\/www.sanong.de\/wordpress\/wp-content\/uploads\/2013\/04\/u2web-300x222.jpg\" width=\"300\" height=\"222\" srcset=\"https:\/\/www.sanong.de\/wordpress\/wp-content\/uploads\/2013\/04\/u2web-300x222.jpg 300w, https:\/\/www.sanong.de\/wordpress\/wp-content\/uploads\/2013\/04\/u2web-320x237.jpg 320w, https:\/\/www.sanong.de\/wordpress\/wp-content\/uploads\/2013\/04\/u2web-145x107.jpg 145w, https:\/\/www.sanong.de\/wordpress\/wp-content\/uploads\/2013\/04\/u2web.jpg 461w\" sizes=\"auto, (max-width: 300px) 100vw, 300px\" \/><\/a><\/p>\n<p><a href=\"https:\/\/www.sanong.de\/wordpress\/wp-content\/uploads\/2013\/04\/u1web.jpg\"><img loading=\"lazy\" decoding=\"async\" class=\"alignnone size-medium wp-image-129\" alt=\"u1web\" src=\"https:\/\/www.sanong.de\/wordpress\/wp-content\/uploads\/2013\/04\/u1web-300x222.jpg\" width=\"300\" height=\"222\" srcset=\"https:\/\/www.sanong.de\/wordpress\/wp-content\/uploads\/2013\/04\/u1web-300x222.jpg 300w, https:\/\/www.sanong.de\/wordpress\/wp-content\/uploads\/2013\/04\/u1web-320x237.jpg 320w, https:\/\/www.sanong.de\/wordpress\/wp-content\/uploads\/2013\/04\/u1web-145x107.jpg 145w, https:\/\/www.sanong.de\/wordpress\/wp-content\/uploads\/2013\/04\/u1web.jpg 461w\" sizes=\"auto, (max-width: 300px) 100vw, 300px\" \/><\/a><\/p>\n<p><a href=\"https:\/\/www.sanong.de\/wordpress\/wp-content\/uploads\/2013\/04\/u3web.jpg\"><img loading=\"lazy\" decoding=\"async\" class=\"alignnone size-medium wp-image-130\" alt=\"u3web\" src=\"https:\/\/www.sanong.de\/wordpress\/wp-content\/uploads\/2013\/04\/u3web-300x222.jpg\" width=\"300\" height=\"222\" srcset=\"https:\/\/www.sanong.de\/wordpress\/wp-content\/uploads\/2013\/04\/u3web-300x222.jpg 300w, https:\/\/www.sanong.de\/wordpress\/wp-content\/uploads\/2013\/04\/u3web-320x237.jpg 320w, https:\/\/www.sanong.de\/wordpress\/wp-content\/uploads\/2013\/04\/u3web-145x107.jpg 145w, https:\/\/www.sanong.de\/wordpress\/wp-content\/uploads\/2013\/04\/u3web.jpg 461w\" sizes=\"auto, (max-width: 300px) 100vw, 300px\" \/><\/a><\/p>\n","protected":false},"excerpt":{"rendered":"<p>Unsere Mitarbeiter sind im ber\u00fchmten Kloster Wat Po in Bangkok in traditioneller thail\u00e4ndischer Massge ausgebildet und entsprechend zertifiziert. So k\u00f6nnen Sie sicher sein, eine original thail\u00e4ndische Massge zu erhalten. Erleben Sie den Unterschied.<\/p>\n","protected":false},"author":1,"featured_media":0,"parent":0,"menu_order":0,"comment_status":"closed","ping_status":"open","template":"","meta":{"footnotes":""},"class_list":["post-126","page","type-page","status-publish","hentry"],"_links":{"self":[{"href":"https:\/\/www.sanong.de\/wordpress\/index.php?rest_route=\/wp\/v2\/pages\/126","targetHints":{"allow":["GET"]}}],"collection":[{"href":"https:\/\/www.sanong.de\/wordpress\/index.php?rest_route=\/wp\/v2\/pages"}],"about":[{"href":"https:\/\/www.sanong.de\/wordpress\/index.php?rest_route=\/wp\/v2\/types\/page"}],"author":[{"embeddable":true,"href":"https:\/\/www.sanong.de\/wordpress\/index.php?rest_route=\/wp\/v2\/users\/1"}],"replies":[{"embeddable":true,"href":"https:\/\/www.sanong.de\/wordpress\/index.php?rest_route=%2Fwp%2Fv2%2Fcomments&post=126"}],"version-history":[{"count":2,"href":"https:\/\/www.sanong.de\/wordpress\/index.php?rest_route=\/wp\/v2\/pages\/126\/revisions"}],"predecessor-version":[{"id":132,"href":"https:\/\/www.sanong.de\/wordpress\/index.php?rest_route=\/wp\/v2\/pages\/126\/revisions\/132"}],"wp:attachment":[{"href":"https:\/\/www.sanong.de\/wordpress\/index.php?rest_route=%2Fwp%2Fv2%2Fmedia&parent=126"}],"curies":[{"name":"wp","href":"https:\/\/api.w.org\/{rel}","templated":true}]}}